red thousands digit of 5280728072?
7
What is the hundred thousands digit of 690627948?
6
What is the hundred thousands digit of 189735698?
7
What is the ten millions digit of 2146922757?
4
What is the tens digit of 33506698?
9
What is the ten thousands digit of 1109483436?
8
What is the tens digit of 424482301?
0
What is the hundred thousands digit of 7003704172?
7
What is the ten thousands digit of 26489790?
8
What is the tens digit of 4102512?
1
What is the ten millions digit of 437451401?
3
What is the thousands digit of 1274187392?
7
What is the ten thousands digit of 183207926?
0
What is the hundred millions digit of 445278689?
4
What is the millions digit of 939700301?
9
What is the thousands digit of 20947425?
7
What is the ten thousands digit of 771451143?
5
What is the hundred thousands digit of 82888989?
8
What is the tens digit of 4006900083?
8
What is the hundred thousands digit of 134289387?
2
What is the millions digit of 124222471?
4
What is the ten thousands digit of 89597983?
9
What is the millions digit of 65700190?
5
What is the hundred millions digit of 1539352793?
5
What is the hundred thousands digit of 962109151?
1
What is the hundreds digit of 1048030077?
0
What is the hundred thousands digit of 241646349?
6
What is the thousands digit of 214471814?
1
What is the hundreds digit of 1094316659?
6
What is the hundred thousands digit of 1746185820?
1
What is the thousands digit of 15305092?
5
What is the hundred millions digit of 1508154166?
5
What is the tens digit of 11522789?
8
What is the millions digit of 78661933?
8
What is the billions digit of 1316413252?
1
What is the ten thousands digit of 87752389?
5
What is the thousands digit of 7908094490?
4
What is the ten millions digit of 143000075?
4
What is the hundreds digit of 213121538?
5
What is the hundreds digit of 2528041622?
6
What is the hundred millions digit of 300805327?
3
What is the ten millions digit of 72401678?
7
What is the tens digit of 270381403?
0
What is the hundreds digit of 165302472?
4
What is the ten thousands digit of 256316932?
1
What is the millions digit of 239506500?
9
What is the millions digit of 3103454251?
3
What is the tens digit of 23628180?
8
What is the hundreds digit of 1988347111?
1
What is the ten millions digit of 389400511?
8
What is the millions digit of 24617106?
4
What is the units digit of 291739012?
2
What is the millions digit of 66105553?
6
What is the hundred thousands digit of 3958590870?
5
What is the hundred thousands digit of 65068816?
0
What is the ten millions digit of 569453952?
6
What is the tens digit of 1112529237?
3
What is the thousands digit of 181302034?
2
What is the ten thousands digit of 126793254?
9
What is the billions digit of 3819712293?
3
What is the thousands digit of 7357786?
7
What is the hundred millions digit of 565771488?
5
What is the hundred thousands digit of 34457691?
4
What is the hundred millions digit of 789564996?
7
What is the tens digit of 47124580?
8
What is the ten thousands digit of 63227641?
2
What is the ten thousands digit of 1657052430?
5
What is the tens digit of 775256673?
7
What is the ten thousands digit of 3692947655?
4
What is the thousands digit of 1782109920?
9
What is the hundred thousands digit of 598060244?
0
What is the tens digit of 1723225487?
8
What is the thousands digit of 149994847?
4
What is the hundred thousands digit of 5814835193?
8
What is the ten millions digit of 119946268?
1
What is the ten millions digit of 367257658?
6
What is the units digit of 346414382?
2
What is the ten millions digit of 5626808832?
2
What is the thousands digit of 45319276?
9
What is the thousands digit of 2964431869?
1
What is the millions digit of 834032832?
4
What is the hundred thousands digit of 115107768?
1
What is the thousands digit of 1680123719?
3
What is the hundreds digit of 156407560?
5
What is the hundred thousands digit of 2356977498?
9
What is the thousands digit of 41249474?
9
What is the hundreds digit of 46217530?
5
What is the hundred millions digit of 247125132?
2
What is the hundreds digit of 1767149969?
9
What is the tens digit of 14486987?
8
What is the thousands digit of 203091256?
1
What is the thousands digit of 53143779?
3
What is the ten millions digit of 39512391?
3
What is the millions digit of 43474104?
3
What is the millions digit of 4411127682?
1
What is the hundred millions digit of 393806704?
3
What is the hundred millions digit of 481278705?
4
What is the tens digit of 31167011?
1
What is the ten thousands digit of 441083733?
8
What is the thousands digit of 17908646?
8
What is the units digit of 153547580?
0
What is the hundred millions digit of 112911105?
1
What is the hundred thousands digit of 13313393?
3
What is the hundred thousands digit of 1076137851?
1
What is the tens digit of 1868349247?
4
What is the hundred thousands digit of 39781176?
7
What is the thousands digit of 1884173?
4
What is the ten thousands digit of 198041806?
4
What is the ten thousands digit of 1468588928?
8
What is the tens digit of 231499564?
6
What is the thousands digit of 297033321?
3
What is the thousands digit of 1016579930?
9
What is the units digit of 62696202?
2
What is the millions digit of 113911764?
3
What is the hundreds digit of 574800134?
1
What is the hundreds digit of 383082824?
8
What is the hundred thousands digit of 109085987?
0
What is the hundred thousands digit of 2621248127?
2
What is the millions digit of 500184802?
0
What is the units digit of 12594412?
2
What is the ten thousands digit of 44681022?
8
What is the hundreds digit of 648514516?
5
What is the tens digit of 21511234?
3
What is the ten millions digit of 377780971?
7
What is the hundred thousands digit of 209191229?
1
What is the hundreds digit of 2399758244?
2
What is the millions digit of 328190810?
8
What is the tens digit of 41179118?
1
What is the thousands digit of 111310905?
0
What is the units digit of 2081756718?
8
What is the millions digit of 34983693?
4
What is the units digit of 1247457281?
1
What is the hundred thousands digit of 49073696?
0
What is the hundreds digit of 64966543?
5
What is the thousands digit of 735506505?
6
What is the thousands digit of 332189131?
9
What is the ten thousands digit of 34153097?
5
What is the ten millions digit of 636377484?
3
What is the billions digit of 1095591636?
1
What is the hundreds digit of 106473469?
4
What is the ten thousands digit of 5215156?
1
What is the hundred millions digit of 3687041639?
6
What is the millions digit of 1424827443?
4
What is the hundred thousands digit of 46284750?
2
What is the ten millions digit of 26934906?
2
What is the thousands digit of 487843021?
3
What is the thousands digit of 556109943?
9
What is the hundred millions digit of 1601055588?
6
What is the ten millions digit of 274998395?
7
What is the millions digit of 52009353?
2
What is the tens digit of 4458620787?
8
What is the hundreds digit of 3416993011?
0
What is the ten millions digit of 805078033?
0
What is the hundreds digit of 75005512?
5
What is the thousands digit of 237642551?
2
What is the millions digit of 7230689144?
0
What is the units digit of 2309414321?
1
What is the hundred thousands digit of 2876073172?
0
What is the thousands digit of 5499526382?
6
What is the hundreds digit of 224061208?
2
What is the billions digit of 2819995425?
2
What is the units digit of 143761360?
0
What is the millions digit of 1024658640?
4
What is the ten thousands digit of 204887915?
8
What is the hundreds digit of 123259575?
5
What is the ten thousands digit of 6779785454?
8
What is the thousands digit of 719298131?
8
What is the thousands digit of 30002399?
2
What is the hundred millions digit of 696582269?
6
What is the hundred millions digit of 399788530?
3
What is the tens digit of 73008355?
5
What is the ten millions digit of 55925004?
5
What is the ten millions digit of 2408876403?
0
What is the units digit of 318805286?
6
What is the tens digit of 1620885391?
9
What is the millions digit of 16044540?
6
What is the ten millions digit of 453413760?
5
What is the millions digit of 1661419087?
1
What is the hundreds digit of 13401840?
8
What is the ten thousands digit of 125444687?
4
What is the units digit of 16770554?
4
What 